2 = -827. What is the remainder when 5143 is divided by k?
33
Let x = -1061 - -1125. What is the remainder when x is divided by (-5)/(-1)*(-924)/(-165)?
8
Suppose -4*x - 3*n = -16, -3*x + n + 0 = 1. Calculate the remainder when 271 is divided by x*(9/(-6))/(18/(-204)).
16
Let d(g) = -g**3 - 37*g**2 - 75*g - 136. Let r = 442 + -250. What is the remainder when r is divided by d(-35)?
36
Suppose 0 = 16*v - 11*v - 10, 5*o - 62 = -v. Let y = -13 - -19. Calculate the remainder when o is divided by y.
0
Let x = 182 - 103. Suppose -10*h = -9*h. Suppose 2*b = 2*k - 44, h = -k - 3*b - 0*b + 14. Calculate the remainder when x is divided by k.
19
Let s = 1089 - 435. Calculate the remainder when s is divided by 23.
10
Let q = -2314 - -2546. What is the remainder when q is divided by 74?
10
Let x(h) = 8*h**2 - 3*h + 2. Let y be 32/40 - 6*(-1)/5. Let w be x(y). Let j = w - 10. Calculate the remainder when 52 is divided by j.
16
Let v = -6437 - -6482. What is the remainder when 2833 is divided by v?
43
What is the remainder when 1402 is divided by 30/(-4)*(-72)/15?
34
Suppose -2 - 19 = -2*m - 5*y, -207 = -4*m + 5*y. Let k be 64/3 - 2/6. Let q = k - 8. What is the remainder when m is divided by q?
12
Let n = -1375 + 1400. What is the remainder when n is divided by 1/(-2) - (-45)/6?
4
Let w = -8925 - -9022. What is the remainder when 202 is divided by w?
8
Suppose -5*o - 14 = 3*j - 2, -5*j + 4*o - 20 = 0. Let w(s) = -s**3 + 3 + 2*s**3 - 16*s**2 + s + 22*s**2. What is the remainder when w(j) is divided by 9?
4
Let p = -391 + 391. Suppose 2*g - 10 = 0, -5*y = -p*g + 3*g - 100. Calculate the remainder when 133 is divided by y.
14
Suppose 0 = -4*m + 16. Calculate the remainder when 97 is divided by (9 - (m - -3))*(18 - 0).
25
Let p = 415 + -410. Suppose -2*t + 243 = 3*s, -4*s - 562 - 103 = -p*t. What is the remainder when t is divided by 52?
25
Let b(s) = -7*s**2 + 8*s + 29. Let p(n) = 6*n**2 - 11*n - 30. Let j(k) = 4*b(k) + 5*p(k). Calculate the remainder when 59 is divided by j(14).
23
Suppose -4*r - o + 2338 = 241, 0 = 4*r - 5*o - 2067. What is the remainder when r is divided by 69?
40
Let z = 9 + -6. Let k be 91 + (-18)/(-30)*5. Let r = k + -88. What is the remainder when r is divided by z?
0
Let y(a) = 17*a - 189. Calculate the remainder when 613 is divided by y(23).
7
Let b = 39 - 36. Suppose 1043 = -b*u - 4726. What is the remainder when u/(-27) - 6/27 is divided by 19?
14
Let s(p) = p**2 + 7. Let g = 41283 + -41181. What is the remainder when g is divided by s(-5)?
6
Calculate the remainder when 2527 is divided by (8 + (-341)/33)*(-2)/(-7)*-9.
1
Let o(v) = -2*v**3 - 20*v**2 + 64*v + 37. What is the remainder when 456 is divided by o(-13)?
18
Let y(n) = n**2 + 17*n + 56. Suppose 3*z - 673 = -t, 5*z - 1785 = 3*t - 682. What is the remainder when z is divided by y(-17)?
55
Suppose -4*v = 3*n, 7*v - 2*v = 5*n. Suppose 6*r - 286 - 272 = v. Let m = r - 88. What is the remainder when m is divided by 2?
1
Let y(n) = 23*n**3 + 3*n - 1. Suppose 5*i + 5*b - 85 = 65, 3*i - 55 = 4*b. What is the remainder when i is divided by y(1)?
0
Suppose 0 = 2*d - 3*d + 14. Let k(u) = -u**3 + 21*u**2 + 66*u + 197. Calculate the remainder when k(24) is divided by d.
11
Let s(o) be the first derivative of -32*o + 8 - 3/2*o**2 + 5/3*o**3. Calculate the remainder when s(-5) is divided by 16.
12
Let a(r) = 3*r**2 - 17*r - 2. Let n = 3 - -31. Suppose -2*g + 2*y = -22 - n, 0 = 4*y + 8. What is the remainder when g is divided by a(6)?
2
Let o(r) be the third derivative of -1/2*r**4 + 0*r - 1/60*r**5 - 4/3*r**3 - 6*r**2 + 0. What is the remainder when 18 is divided by o(-11)?
0
Let v = 28688 - 21296. What is the remainder when v is divided by 35?
7
Let j(g) = -g**2 + 10*g - 14. Let o be j(8). Suppose 0*t + t + 85 = 4*h, o*t - 94 = -4*h. Suppose d + 6 = h. What is the remainder when 28 is divided by d?
12
Let w(l) = -2*l - 3. Let q(d) = 4*d + 6. Let k(b) = 6*q(b) + 11*w(b). Let i(v) = 58*v**2 + 1. What is the remainder when i(-1) is divided by k(14)?
28
Let w(d) = 45*d - 726. Calculate the remainder when 1682 is divided by w(18).
2
Let y(c) = 2*c**2 + c - 2. Let g be y(-2). Let n be 15/27*(4 - -5). Suppose f + 0*f + n = 0, -51 = -g*m - f. What is the remainder when 67 is divided by m?
11
Let o = 1367 + -405. Suppose -29*j + 140 = -o. Let r = 71 - -3. What is the remainder when r is divided by j?
36
Let d = -13 - -12. Let z(h) = -46*h**3 - 4*h**2 - h. Let x be z(d). Suppose 4*b + 5*n - 37 - x = 0, -n + 4 = 0. What is the remainder when 58 is divided by b?
13
Let q(f) = 5*f**2 - f - 6. Let d be 4/((-4 - -2)*1). Let i be 20/(1 - -3) + d. What is the remainder when 70 is divided by q(i)?
34
Let n(p) = -p + 15. Let q be n(10). Calculate the remainder when 151 is divided by (q/2)/(15/132).
19
Let d = -105 - -457. Suppose 3*l = -m + 88, -4*m + 4*l - l + d = 0. Calculate the remainder when m is divided by 24.
16
Let w = -71 - -128. Let g = w + -28. Suppose -32 + 422 = 26*z. What is the remainder when g is divided by z?
14
Suppose 345*u = 347*u - 5*s - 7102, 2*s = 2*u - 7126. What is the remainder when u is divided by 19?
18
Suppose 154 = 4*a - 18. What is the remainder when 4*100/64*20 is divided by a?
39
Let w(c) = c + 17. Let d(j) = 2*j + 34. Let a(h) = 3*d(h) - 5*w(h). Let m be a(-12). Suppose -2*s = -m*s + 72. Calculate the remainder when 43 is divided by s.
19
Let b(s) = 74*s**2 - 1990*s - 29. What is the remainder when 572 is divided by b(27)?
11
Suppose 6*v = 492 - 84. Suppose 215 = 4*g - h, 146*g - 145*g - 5*h = v. What is the remainder when g is divided by 5?
3
Suppose 0 = -3*m + 3*d, 7*m = 2*m + 3*d. Suppose m = -59*o + 56*o + 3. Calculate the remainder when 344/10 + (o - (-14)/(-10)) is divided by 12.
10
Suppose -2*l - o + 9231 = 0, -1158*o = -l - 1159*o + 4615. Calculate the remainder when l is divided by 66.
62
Suppose 80 = r + w, -6*w + 235 = 3*r - 2*w. Suppose 340 = -81*q + r*q. Calculate the remainder when q is divided by ((-87)/9)/((-4)/12).
27
Let w(s) = 8*s**2 + 7. Let v be (-117)/99 + (-6)/(-33). Calculate the remainder when w(-3) is divided by (v + -3 + -4)*-2.
15
Suppose -2*u + 4*r + 68 = 0, 2*r + r = -2*u + 54. Suppose -5*v + 40 = 5*j, 4*j + v - u = j. Let m = 529 - 490. Calculate the remainder when m is divided by j.
6
Let u = 200 - 192. What is the remainder when 15 is divided by u?
7
Suppose -2*y = -2, -5*k + 183 + 36 = -y. Suppose 0 = t + 3*m - 2*m - 486, 474 = t - 2*m. What is the remainder when t is divided by k?
42
Suppose -30*a + 215 = 131 - 156. What is the remainder when 11870 is divided by a?
6
Suppose 3*r = -3*f + 2916, -3*r + 220*f + 2892 = 217*f. What is the remainder when r is divided by 19?
18
Let b = -3 - 21. Let f = b - -42. Suppose -2*l = 2*m - f, -2*m + 3*l + 20 = 4*l. What is the remainder when m is divided by 7?
4
Suppose -52 = -2*g + 5*w, 0*g - 152 = -4*g - 2*w. Suppose 22*u + 148148 = 148346. What is the remainder when g is divided by u?
0
Suppose 0 = -42*q + 9798 + 2130. What is the remainder when q is divided by 41?
38
Let o be (12/8)/(15/20). Suppose -4*l + 4*k = 0, 2*l - o = -2*k + 5*k. Calculate the remainder when (-1)/(1/(-27 - l)) is divided by 10.
5
Let h = 3711 + -3575. Calculate the remainder when h is divided by 63.
10
Let h(g) = 5*g - 32. Suppose 19*n - o = 22*n - 1356, 0 = 2*o + 6. What is the remainder when n is divided by h(14)?
35
Let c = -33 - -35. Suppose -c*p + 15 + 3 = 0. Calculate the remainder when p is divided by 8.
1
Let f(v) = -5*v - 9. Let i(n) = 2*n + 2. Let h be i(-3). Let k(g) = 46*g - 4. Calculate the remainder when k(1) is divided by f(h).
9
Suppose 4*n - 84 = 5*r + 44, 0 = n + 2*r - 6. Let p(k) = 100*k**3 + k. Calculate the remainder when p(1) is divided by n.
13
Suppose 4*h - 20 = 0, 5*a - 75 = -0*a - 2*h. Suppose 10*g + 858 = a*g. What is the remainder when g is divided by 16?
14
Let i = 4384 - 4340. Calculate the remainder when 834 is divided by i.
42
Let m be (-214)/(-214)*5/1*1. Suppose 2*i - 48 = -m*t + 91, -4*i + 4*t + 292 = 0. What is the remainder when 358 is divided by i?
70
Let n(m) = -2*m**3 - 18*m**2 - 4*m - 23. Calculate the remainder when 91 is divided by n(-9).
0
Let j = 46 - 64. Let v be 16*(16/(-56) + j/(-14)). Let m = 19 - v. What is the remainder when 8 is divided by m?
2
Suppose x + 3*r = -11, x =